s the highest common factor of 27874476 and 162?
54
Calculate the greatest common divisor of 2263 and 2818238.
73
Calculate the highest common divisor of 169428 and 3724.
28
What is the highest common factor of 84 and 7171486?
14
What is the greatest common divisor of 931 and 76335140?
49
What is the highest common factor of 28346752 and 17920?
896
Calculate the highest common factor of 628152 and 3864.
168
Calculate the highest common factor of 49505538 and 2670.
534
Calculate the greatest common divisor of 12760 and 9284000.
440
Calculate the highest common divisor of 31300424 and 322.
46
What is the greatest common divisor of 4215950 and 650?
50
Calculate the highest common factor of 987 and 3213437.
47
Calculate the greatest common divisor of 6942 and 759252.
78
Calculate the highest common factor of 9972280 and 10452.
268
Calculate the highest common factor of 25102 and 11275.
11
What is the highest common divisor of 781907 and 266?
133
Calculate the greatest common divisor of 27 and 61420869.
27
What is the highest common divisor of 134 and 2941158898?
134
Calculate the highest common factor of 559572 and 17576.
52
What is the greatest common divisor of 8820 and 1001560?
980
Calculate the highest common factor of 6671 and 32010317.
953
What is the greatest common factor of 44226 and 3284736?
546
What is the highest common factor of 242 and 54578986?
242
Calculate the highest common divisor of 48268534 and 6.
2
Calculate the highest common factor of 13199726 and 92552.
1006
What is the greatest common divisor of 1106 and 10242113?
553
What is the highest common factor of 73086732 and 2484?
2484
Calculate the greatest common divisor of 599703 and 65.
13
Calculate the greatest common factor of 86180899 and 89390.
8939
What is the highest common factor of 2841051817 and 94?
47
What is the highest common divisor of 56673 and 8?
1
Calculate the greatest common factor of 6210 and 57935160.
2070
Calculate the greatest common factor of 201 and 5945111.
67
What is the greatest common divisor of 73540729 and 4711?
673
Calculate the highest common factor of 180796267 and 665.
19
What is the highest common factor of 284190 and 18390?
30
Calculate the greatest common factor of 2755 and 4072151.
29
What is the greatest common divisor of 191009 and 65069?
2099
Calculate the highest common factor of 178 and 14385782.
178
Calculate the highest common divisor of 1333 and 579683.
43
What is the highest common divisor of 912870 and 268870?
1610
Calculate the greatest common factor of 60817 and 114655.
997
Calculate the highest common factor of 864417 and 136357.
617
What is the greatest common factor of 15864 and 11360607?
1983
What is the greatest common divisor of 9135 and 296280?
45
Calculate the greatest common factor of 71726736 and 368997.
7851
What is the greatest common divisor of 52545091 and 1396?
349
Calculate the greatest common factor of 8068331 and 998.
499
What is the greatest common divisor of 55221 and 4608939?
237
What is the highest common factor of 318 and 210622?
106
What is the greatest common factor of 319527 and 8307?
117
What is the highest common divisor of 2 and 63802127?
1
What is the highest common factor of 27960 and 11739705?
3495
What is the highest common factor of 36134 and 92471?
89
Calculate the greatest common divisor of 14001 and 152529.
39
Calculate the greatest common factor of 565 and 1098410.
5
What is the greatest common divisor of 5586 and 29597421?
2793
What is the highest common divisor of 2941581 and 17676?
1473
Calculate the highest common factor of 388293 and 1812381.
1041
What is the highest common factor of 340 and 56377100?
340
Calculate the greatest common factor of 1131300 and 855.
45
What is the greatest common divisor of 10920 and 8172840?
1560
Calculate the greatest common factor of 44 and 1424878422.
22
Calculate the greatest common divisor of 37440 and 376128.
576
What is the greatest common divisor of 885 and 1824105?
15
Calculate the greatest common factor of 38 and 243532405.
19
Calculate the highest common divisor of 615606 and 377733.
111
Calculate the highest common divisor of 29268673 and 16583.
161
Calculate the highest common divisor of 10244 and 197197.
2561
What is the highest common divisor of 5832 and 69480?
72
What is the greatest common divisor of 13526487 and 270?
27
What is the highest common factor of 40757477 and 311905?
5671
What is the greatest common divisor of 39824 and 728?
8
Calculate the highest common factor of 268353 and 6.
3
What is the highest common factor of 665277 and 15347?
103
Calculate the greatest common divisor of 160 and 2117540.
20
Calculate the greatest common factor of 1089 and 4743070893.
1089
Calculate the greatest common factor of 192414 and 33426.
6
What is the highest common factor of 987 and 368133563?
329
What is the greatest common divisor of 2012701 and 774?
43
What is the greatest common divisor of 209760 and 201666?
114
Calculate the highest common divisor of 28324 and 5085764.
292
What is the greatest common factor of 74011 and 211169?
679
What is the highest common factor of 16813 and 174709?
731
Calculate the greatest common factor of 541877 and 136150.
2723
What is the greatest common divisor of 1492585 and 460?
115
What is the highest common factor of 13096594 and 518?
518
What is the greatest common factor of 3 and 137340?
3
What is the greatest common factor of 463551 and 5577?
33
Calculate the highest common factor of 297 and 636890067.
297
Calculate the highest common divisor of 64 and 5700512.
32
What is the highest common divisor of 8141610 and 196950?
3030
Calculate the greatest common factor of 122710 and 55230.
70
What is the highest common factor of 18072017 and 2726?
1363
Calculate the highest common factor of 374398 and 30654.
262
Calculate the highest common divisor of 77 and 5227937.
11
Calculate the highest common divisor of 147000884 and 124.
124
What is the highest common factor of 163372 and 17617?
79
Calculate the greatest common factor of 68 and 297927261.
17
What is the highest common factor of 7316800 and 576?
64
Calculate the greatest common divisor of 402 and 902988279.
201
What is the greatest common divisor of 30 and 5957985?
15
Calculate the highest common divisor of 81523 and 23259139.
6271
Calculate the greatest common factor of 366000 and 16608.
48
What is the highest common factor of 189601 and 5377?
19
Calculate the highest common factor of 363975 and 9788501.
4853
Calculate the greatest common divisor of 1496914 and 322.
2
Calculate the greatest common factor of 145208 and 26152.
56
Calculate the greatest common factor of 1562 and 21358.
2
What is the greatest common factor of 208818962 and 1096?
274
Calculate the highest common factor of 9993 and 89310772.
3331
What is the greatest common factor of 697048901 and 29?
29
Calculate the highest common factor of 63751395 and 2710.
1355
Calculate the greatest common factor of 50680 and 1237859.
1267
Calculate the greatest common factor of 917856 and 12000.
96
What is the highest common factor of 635701950 and 18?
18
Calculate the greatest common factor of 468676252 and 33.
11
Calculate the greatest common factor of 2431679239 and 13541.
13541
What is the highest common factor of 82053 and 93196?
1013
What is the highest common factor of 40495 and 33807540?
5785
What is the greatest common factor of 165454290 and 472?
118
Calculate the greatest common factor of 3763206 and 806796.
5526
What is the highest common factor of 1173 and 67361871?
1173
Calculate the greatest common divisor of 19762058 and 238.
34
Calculate the greatest common factor of 44064 and 871896.
408
Calculate the greatest common divisor of 242647309 and 437.
437
What is the greatest common factor of 3941 and 45703?
7
What is the highest common divisor of 9306 and 1333014?
282
Calculate the highest common divisor of 164 and 7885694.
82
Calculate the highest common divisor of 8288586 and 234.
18
Calculate the greatest common divisor of 1364112 and 288.
144
Calculate the greatest common divisor of 20 and 246834630.
10
Calculate the greatest common factor of 34518101 and 69.
23
Calculate the greatest common factor of 500 and 13239500.
500
What is the highest common divisor of 585996 and 213756?
564